 3*a + 4 = 10, -3*b + 184 = 2*a. What is the units digit of b?
0
Suppose 3*s = -s. Suppose -5*v + 2*j + 4 = s, -2*v - 4*j = 4 - 20. Let n = 3 - v. What is the units digit of n?
1
Let a(y) = -y**3 - y - 1. Let j(x) = 2*x**3 + 14*x**2 + 3*x + 21. Let l(p) = -a(p) - j(p). What is the units digit of l(-14)?
8
Let g be (-1)/4 - 2/(-8). Let k(c) = -c**2 + 4*c. Let d be k(2). Suppose d + g = 4*t. What is the units digit of t?
1
Suppose -117 = 3*y + 24. Let i = 33 + y. Let z = 1 - i. What is the units digit of z?
5
Suppose 4*r = x, -4*x + r = -5*x + 15. What is the units digit of x?
2
Let p = 28 + 14. What is the tens digit of p?
4
Suppose 164 = -14*k + 16*k. What is the tens digit of k?
8
Let p = -34 + 44. What is the tens digit of p?
1
Suppose -3*x = -0*x + k - 23, 4*x + k = 29. What is the tens digit of (-12)/18 + 184/x?
3
Suppose 15 - 39 = -2*k - 4*c, 0 = -3*k + c + 1. Suppose 0 = -7*o + k*o. Suppose -3*m + 8*m - 25 = o. What is the units digit of m?
5
Suppose -4*z - 41 - 14 = -l, 0 = -l + 2*z + 45. What is the units digit of l?
5
Suppose 0 = 5*y - 20, -89 + 30 = -5*o - y. Suppose -4 = 2*g, -2*g = -2*r + o + 19. What is the units digit of r?
3
Suppose 6*g = -3*x + g + 5, 0 = -5*x - g + 1. Suppose -k + 10 = -x*k. What is the units digit of k?
0
Suppose -3*o = -1 + 4. Let c be 9/(12/10 + o). Suppose 4*d - j - 68 + 8 = 0, c = 3*d + 5*j. What is the tens digit of d?
1
Suppose 4*b - 10 + 2 = 4*s, 0 = b + 3*s - 10. Suppose -b*m + 30 = m. What is the units digit of m?
6
Let z be (2/5)/((-3)/(-660)). Suppose l + l - z = -4*a, 2*a - l = 48. Let x = a + -16. What is the units digit of x?
7
Let k = -126 - -184. What is the tens digit of k?
5
Let m = -15 - -23. What is the units digit of m?
8
Suppose -4*m + 975 = 5*c, c - m + 4*m = 184. What is the units digit of c?
9
Let r(a) = -a**3 + 9*a**2 + 9. Let g be (((-18)/1)/2)/(-1). What is the units digit of r(g)?
9
Suppose -w - 5*j = -33, 85 + 22 = 5*w - 4*j. What is the tens digit of w?
2
Suppose 0 = 5*t + 5*w - 85, 86 = 5*t + 4*w + 5. What is the tens digit of t?
1
What is the units digit of 4/3*(666/12 - -3)?
8
Suppose -13 = -4*t + 3. Suppose x + t*x = 45. What is the units digit of x?
9
Suppose 3*j = 5*f - 137 - 553, -5*j = 3*f - 448. What is the units digit of f?
1
Let n(v) = v**2 + 11*v + 1. Let y be n(-10). Let d be ((-6)/y)/(1/3). Let u = 4 - d. What is the units digit of u?
2
What is the tens digit of 3/(106/(-36) - -3)?
5
Let h(i) be the third derivative of -i**5/60 + i**4/24 + i**3/6 - 4*i**2. What is the units digit of h(0)?
1
Suppose -u - 6 = 5*p + 11, 3*p - u = -15. What is the units digit of (36/(-8))/(2/p)?
9
Suppose 8*d = 3*d + 10. Let x be -12 + ((-2)/(-1))/d. Let y = -7 - x. What is the units digit of y?
4
Let u(r) = -r**3 - 7*r**2 - 5*r + 6. Let i = 16 + -22. Let t be u(i). Let f = t + 1. What is the units digit of f?
1
Let k(c) = 12*c - 29. What is the units digit of k(8)?
7
Let n = -32 + 57. What is the tens digit of n?
2
Suppose -50 = -3*d + 52. What is the tens digit of d?
3
Let j(f) = 3*f**2 - 3*f - 4. Let c be j(-3). Suppose b - c = 3*z + 6, z + 162 = 5*b. What is the tens digit of b?
3
Let m(s) = 6*s**2 + 3*s - 11. What is the units digit of m(-4)?
3
Let o(x) = 2*x - 12. Let f be o(10). Let v be 2/f - 110/(-40). Suppose 3*t - v = 30. What is the units digit of t?
1
Suppose 44 = -3*b - j, -4*b - 42 = -2*j - 0*j. Let q(g) = g**3 + 14*g**2 + 11*g + 13. What is the units digit of q(b)?
9
Let p(l) = 5*l + 16. What is the units digit of p(5)?
1
Let n = -26 + 58. What is the units digit of n?
2
Let u = 59 + 21. Suppose 4*g = u + 24. What is the tens digit of g?
2
What is the tens digit of (18 - 13)*(-43)/(-5)?
4
Let p be (-3)/2*32/24. What is the units digit of 3*(-68)/(-6) - p?
6
Suppose 0 = -v - 5*v + 246. What is the tens digit of v?
4
Let b be (-1 + 3*2)*1. Suppose -b - 23 = -2*g. What is the tens digit of (-4)/g - (-237)/21?
1
Let x(f) = f - 1. Let z(g) = -g**2 - 3*g + 3. Let b(q) = -3*x(q) - z(q). Let l be b(-2). Suppose 9 = 4*c + c - n, l*n = 3*c - 2. What is the units digit of c?
2
Let q(f) = 4*f**2 - 20*f - 7. What is the tens digit of q(7)?
4
What is the units digit of 136/51*17*3?
6
Let q(s) = s**3 - 3*s**2 + 3*s - 2. Let y be q(2). Let u = -38 - -38. Suppose 0 = v - n - 10, -v - 4*n + y*n = u. What is the units digit of v?
8
Let u be (-1)/(-1) + 1/1. Suppose -5*n - 3*l = -19, 11 = n + 3*l - 0. Suppose u*c - n = -3*x + 16, -c = -4*x + 2. What is the units digit of c?
6
Suppose -45 = -3*z + 45. Let p(n) = n**2 - 7*n + 8. Let x be p(8). Suppose -2*u - z = -3*f - f, -2*u = -2*f + x. What is the units digit of f?
7
Let i(o) = 2*o + 3. Let y be i(6). Let z = y - 11. What is the units digit of z?
4
Let k = -56 + 131. What is the units digit of k?
5
Let p(h) = 4*h**3 - 4*h**2 + 3*h. Let w be (2 - 0) + (4 - 4). What is the units digit of p(w)?
2
Let l be (-9)/(-1) - (3 + 0). What is the units digit of ((-40)/l)/(12/(-18))?
0
Suppose t - 10 = -7. What is the units digit of (t + 76/(-4))/(-2)?
8
Let l = -104 - -147. Suppose 4 = -3*k + l. What is the units digit of k?
3
Suppose -107 = -4*r - 11. Suppose 5*n - 80 = 5*h, -n + 2*h - r = -3*n. What is the tens digit of n?
1
Suppose 3*a - 61 - 134 = 0. What is the units digit of a?
5
What is the tens digit of (-1)/2*8*-56*1?
2
Suppose c = -c + 8. Let a(s) = -s**2 + 6*s - 1. Let y be a(c). What is the units digit of y - (-1 + 0 + 2)?
6
Let r = 4 - -2. Let p be 14/r - (-3)/(-9). Suppose -2*d + p = 0, -2*d = 5*i - 7*d. What is the units digit of i?
1
Let c(m) = m**3 - 6*m**2 - m + 3. Let y be c(6). Let h(d) = -d**2 - 5*d - 2. Let t be h(y). Suppose 2 = -u + t. What is the units digit of u?
2
Suppose -2*m - 2*n + 50 = 0, 4*n = -2*m + 7*n + 60. Let x = m + -9. What is the units digit of x?
8
Let b = 32 - -31. What is the tens digit of b?
6
What is the tens digit of (-40)/(-6)*(-270)/(-20)?
9
Let h = -15 + 106. What is the units digit of h?
1
Let n(w) = -w**3 - 9*w**2 - 10*w - 2. Let a be n(-8). Let i = -5 + 10. Suppose i*s - 6 = a. What is the units digit of s?
4
Suppose 0 = -5*w - 4*r - 2, -2*w + 3*r = -2*r - 19. Suppose -w*c - 36 = -5*c. What is the tens digit of c?
1
Let w(v) = -v**3 - 6*v**2 - 7*v - 5. Let c be w(-5). Suppose c*o + 5*p = -0*p + 25, -o - 4*p = 1. What is the units digit of o?
7
Let i(f) = -f**3 - 8*f**2 + 3. Let d(x) = x - 17. Let g be d(9). What is the units digit of i(g)?
3
Let b = 13 + -8. What is the units digit of b?
5
Let q(w) = w**2 - 5*w + 4. Let k = -4 - -11. What is the units digit of q(k)?
8
Let k(l) = l**2 + 4*l - 2. Let o be k(-6). Let d = o - 5. What is the units digit of d?
5
Let b be (-3 - (1 + 1))*-23. Suppose 0 = 13*m - 8*m - b. What is the tens digit of m?
2
What is the units digit of (0/(-3 - -4))/2 + 40?
0
Suppose -22 = 4*o + 62. Let l = -12 - o. Suppose -2*r = -2*w + 2*r + 24, 2*w - r = l. What is the units digit of w?
2
Let n = -31 - -55. What is the units digit of n?
4
Let y be (-177)/(-4) - 1/4. Suppose 3*l = -4*s + y, 2*s = 4 + 6. What is the units digit of l?
8
Let z(t) = -t - 3. Let k be z(-3). Let l(x) = 3*x - 3*x + k*x + 3*x. What is the units digit of l(1)?
3
Let p be 4/8 - (-6)/4. Suppose p*a = -4*l - a + 12, -2*l - 20 = -5*a. Suppose l = -0*b + b - 3. What is the units digit of b?
3
Let p(z) = -17*z + 1. Let i be p(-1). Let v be i/4 + 2/4. Let a = v - 3. What is the units digit of a?
2
Let g(j) = j**3 - 8*j**2 + 7*j + 7. Let a be g(7). Let f be ((-10)/8)/((-2)/16). Suppose 0 = -s + a + f. What is the units digit of s?
7
Let q = 271 + -151. What is the hundreds digit of q?
1
Let f(c) = 2*c + 9 - 4*c**2 - 4*c**3 + 3*c**3 - 6. Let m be f(-4). Let d = -2 - m. What is the units digit of d?
3
Let m(o) = -4*o + 4. Let b be (-6)/3 + 3 - -2. Let t be m(b). Let h = t + 9. What is the units digit of h?
1
Suppose 3*g - 14 = -4*x, 2*x - 3*x - 8 = -5*g. Suppose -v + 6 = x. What is the units digit of (-14)/v*12/(-21)?
2
Let m be ((-10)/3)/((-6)/9). Let g = m - 0. What is the units digit of g?
5
Suppose 2*r + 8 = -0*r. Let s = 17 - r. What is the tens digit of s?
2
Suppose 3*l = f - 23, -2*l - 4*f - f + 13 = 0. Let h(g) = -2*g + 1. Let t(s) = s. Let y(r) = -3*h(r) - 7*t(r). What is the units digit of y(l)?
3
Let u(k) = k**2 + 8*k + 8. Suppose -3*z = 2*z + 45. What is the units digit of u(z)?
7
Suppose 12 = -4*l 